composite?
True
Is 6386329 a prime number?
False
Is 91019 a composite number?
False
Is 24841 a composite number?
False
Is 3182239 a prime number?
False
Is 43321139 prime?
True
Is 1476773 composite?
True
Is 1592729 prime?
True
Is 365747 prime?
True
Is 78892679 a composite number?
False
Is 171613049 a composite number?
False
Is 413494507 a prime number?
True
Is 41729041 prime?
True
Is 43183999 composite?
False
Is 12045751 a prime number?
False
Is 239613919 composite?
False
Is 378589 prime?
False
Is 43891787 prime?
True
Is 989107811 prime?
False
Is 58924051 a composite number?
False
Is 815509939 prime?
False
Is 95027527 a prime number?
False
Is 135901817 a prime number?
True
Is 8421971 composite?
False
Is 21843163 prime?
False
Is 6042307 prime?
False
Is 360222337 prime?
True
Is 14827613 prime?
False
Is 4853181 composite?
True
Is 2191067 a composite number?
False
Is 133162987 a prime number?
True
Is 61860259 prime?
False
Is 378317 composite?
False
Is 5737607 a prime number?
True
Is 163517579 prime?
True
Is 99534713 prime?
True
Is 845473 composite?
True
Is 52253043 composite?
True
Is 38589391 prime?
True
Is 492227 a prime number?
True
Is 5981267 composite?
True
Is 814991 prime?
True
Is 702907 a composite number?
True
Is 18194439 a prime number?
False
Is 81316019 composite?
False
Is 10303123 a composite number?
True
Is 494455307 a composite number?
True
Is 27677473 a composite number?
True
Is 19736827 composite?
True
Is 34425617 a composite number?
False
Is 120684079 prime?
True
Is 3549489 composite?
True
Is 243812897 a composite number?
True
Is 8132597 a composite number?
True
Is 78422701 composite?
True
Is 2454598 composite?
True
Is 1297873 composite?
False
Is 128455843 a composite number?
True
Is 53814191 composite?
False
Is 30393931 prime?
True
Is 38725003 composite?
False
Is 4575239 prime?
True
Is 215337367 a prime number?
False
Is 13060447 a composite number?
False
Is 11395169 a prime number?
True
Is 42344537 composite?
False
Is 162542609 a composite number?
True
Is 13117679 a prime number?
True
Is 81781523 a prime number?
False
Is 45949 a composite number?
False
Is 341843 a prime number?
False
Is 3521417 a prime number?
True
Is 3925171 a prime number?
True
Is 43992479 composite?
False
Is 27933203 composite?
True
Is 368833 a composite number?
False
Is 344240285 a composite number?
True
Is 1015601 prime?
True
Is 104064569 prime?
False
Is 96290861 a prime number?
False
Is 256953539 a prime number?
False
Is 4102159 prime?
False
Is 165132593 a prime number?
False
Is 165756679 a prime number?
False
Is 7492249 composite?
False
Is 2757311 a composite number?
False
Is 2211883 a composite number?
False
Is 11327105 a prime number?
False
Is 97870511 a composite number?
False
Is 77785673 a prime number?
False
Is 1655231 prime?
True
Is 66849949 composite?
False
Is 11122763 composite?
False
Is 3917323 a composite number?
False
Is 716195 a prime number?
False
Is 500064479 a prime number?
True
Is 21241687 a prime number?
False
Is 3277903 composite?
False
Is 20221939 prime?
False
Is 11779631 prime?
False
Is 171621199 composite?
False
Is 91716623 a composite number?
False
Is 17553973 a composite number?
False
Is 61667 a composite number?
False
Is 96081787 a composite number?
True
Is 1183597 composite?
False
Is 2566807 prime?
True
Is 1546453 a prime number?
True
Is 2858837 a prime number?
False
Is 29742019 a composite number?
True
Is 198170509 a prime number?
False
Is 8554841 a composite number?
True
Is 341098333 a prime number?
False
Is 61215431 composite?
False
Is 1258727 a prime number?
False
Is 5349037 a prime number?
False
Is 29230787 prime?
False
Is 4604779 composite?
True
Is 545423479 prime?
True
Is 22864389 a composite number?
True
Is 5475551 a prime number?
False
Is 52066303 prime?
False
Is 17549381 a composite number?
False
Is 3193453 prime?
True
Is 15454169 composite?
True
Is 3420241 prime?
False
Is 19853 a prime number?
True
Is 10576351 a prime number?
False
Is 1071563 prime?
True
Is 53604059 a composite number?
True
Is 1154449 a prime number?
True
Is 688450299 a composite number?
True
Is 1815703 prime?
True
Is 1977917 prime?
True
Is 5155834 prime?
False
Is 6829369 a prime number?
False
Is 16339667 a prime number?
True
Is 15621127 a composite number?
True
Is 17628109 composite?
False
Is 232412381 a composite number?
False
Is 4230497 prime?
False
Is 4960859 a prime number?
True
Is 3513031 prime?
False
Is 20626037 composite?
False
Is 8893315 a composite number?
True
Is 70344961 composite?
False
Is 9837683 composite?
False
Is 10340347 prime?
True
Is 49326481 composite?
True
Is 10154141 composite?
False
Is 2920829 composite?
False
Is 225860533 composite?
False
Is 10179781 prime?
True
Is 178719613 a composite number?
False
Is 225581537 prime?
True
Is 6712801 prime?
False
Is 3222581 a prime number?
True
Is 2095817 composite?
True
Is 29540311 prime?
True
Is 3460307 prime?
True
Is 1215101 composite?
True
Is 117152891 a composite number?
False
Is 74133883 a prime number?
False
Is 62589473 prime?
True
Is 1724999 a prime number?
True
Is 76456517 a prime number?
True
Is 176431306 prime?
False
Is 921407 prime?
True
Is 1630273 a prime number?
True
Is 1417447 a prime number?
False
Is 306800291 a composite number?
True
Is 5975969 a prime number?
True
Is 1795493807 prime?
False
Is 15458029 a composite number?
False
Is 24654439 a composite number?
False
Is 98703691 prime?
True
Is 74565239 a prime number?
False
Is 289669 prime?
True
Is 404483 composite?
False
Is 482659 a prime number?
True
Is 5075927 prime?
True
Is 385031389 a composite number?
False
Is 57859645 a composite number?
True
Is 133037 composite?
True
Is 3584681 a prime number?
True
Is 52043117 a prime number?
False
Is 7449031 composite?
True
Is 302939537 composite?
False
Is 13770751 a prime number?
True
Is 1262717 composite?
False
Is 10357331 prime?
True
Is 732503 composite?
True
Is 27711869 a prime number?
False
Is 22450111 composite?
True
Is 5820807 a composite number?
True
Is 66582041 a prime number?
True
Is 400321 a prime number?
True
Is 1591921 a prime number?
True
Is 134223029 a composite number?
False
Is 1751993 a composite number?
False
Is 442439 a prime number?
True
Is 118834237 a composite number?
True
Is 53653 a prime number?
True
Is 24065077 composite?
True
Is 576949 a prime number?
True
Is 20263466 composite?
True
Is 14535953 composite?
True
Is 194917589 prime?
True
Is 4626541 prime?
False
Is 22000739 composite?
True
Is 6438871 composite?
False
Is 21170966 a composite number?
True
Is 6735259 composite?
True
Is 11727887 composite?
False
Is 102321877 a composite number?
True
Is 193423201 a prime number?
False
Is 1912079 a prime number?
False
Is 7357111 prime?
True
Is 47942315 prime?
False
Is 354944453 prime?
False
Is 56419921 a composite number?
False
Is 130917151 prime?
False
Is 124983473 a composite number?
True
Is 34221443 a prime number?
True
Is 1823477 composite?
True
Is 195181871 a prime number?
True
Is 3261629 prime?
False
Is 47534063 a prime number?
False
Is 3529583 a prime number?
True
Is 371317519 a prime number?
False
Is 4208717 composite?
False
Is 229867867 prime?
True
Is 11411461 a prime number?
True
Is 3051011 composite?
False
Is 24442837 a composite number?
True
Is 12145943 a composite number?
True
Is 227467 a composite number?
False
Is 5568349 composite?
True
Is 16224321 a composite number?
True
Is 23034467 a prime number?
False
Is 551069107 prime?
False
Is 18134297 a composite number?
False
Is 18646601 prime?
False
Is 4814683 a prime number?
True
Is 134773697 prime?
False
Is 6376411 composite?
True
Is 12480907 composite?
True
Is 13630013 a composite number?
True
Is 74744911 prime?
False
Is 2669749 a prime number?
False
Is 42667701 prime?
False
Is 33704357 composite?
False
Is 71931727 prime?
False
Is 16708387 composite?
True
Is 103995623 a composite number?
True
Is 93169 a composite number?
False
Is 8761873 a composite number?
True
Is 124507137 a composite number?
True
Is 21374807 a prime number?
True
Is 133597697 composite?
False
Is 60452903 a prime number?
False
Is 657827 prime?
True
Is 194131 prime?
False
Is 7982902 composite?
True
Is 105383137 a composite number?
False
Is 141283691 composite?
False
Is 92816611 a prime number?
False
Is 65943301 a prime number?
True
Is 3364